{"id":4355,"date":"2023-06-26T12:59:21","date_gmt":"2023-06-26T12:59:21","guid":{"rendered":"https:\/\/alicia.qodeinteractive.com\/?page_id=4355"},"modified":"2026-02-04T08:49:32","modified_gmt":"2026-02-04T08:49:32","slug":"about-me","status":"publish","type":"page","link":"https:\/\/addesign.at\/index.php\/about-me\/","title":{"rendered":"\u00dcber mich"},"content":{"rendered":"\t\t<div data-elementor-type=\"wp-page\" data-elementor-id=\"4355\" class=\"elementor elementor-4355\">\n\t\t\t\t<div class=\"elementor-element elementor-element-25778bc e-con-full e-flex e-con e-parent\" data-id=\"25778bc\" data-element_type=\"container\" data-e-type=\"container\">\n\t\t<div class=\"elementor-element elementor-element-85aa14b e-con-full e-flex e-con e-child\" data-id=\"85aa14b\" data-element_type=\"container\" data-e-type=\"container\">\n\t\t\t\t<div class=\"elementor-element elementor-element-b5c9f11 elementor-widget elementor-widget-alicia_core_custom_font\" data-id=\"b5c9f11\" data-element_type=\"widget\" data-e-type=\"widget\" data-widget_type=\"alicia_core_custom_font.default\">\n\t\t\t\t<div class=\"elementor-widget-container\">\n\t\t\t\t\t<h1 class=\"qodef-shortcode qodef-m qodef-custom-font qodef-custom-font-980 qodef-layout--simple\" style=\"color: #C3AFAD;font-family: Italiana;font-size: 250px;line-height: 230px;text-align: left\">\n\t\t\tAnna Delia D'Errico\t<\/h1>\n\t\t\t\t<\/div>\n\t\t\t\t<\/div>\n\t\t<div class=\"elementor-element elementor-element-6f829c9 e-con-full e-flex e-con e-child\" data-id=\"6f829c9\" data-element_type=\"container\" data-e-type=\"container\">\n\t\t<div class=\"elementor-element elementor-element-c293069 e-con-full e-flex e-con e-child\" data-id=\"c293069\" data-element_type=\"container\" data-e-type=\"container\">\n\t\t\t\t<div class=\"elementor-element elementor-element-403c8da elementor-widget__width-initial elementor-widget-mobile__width-inherit elementor-widget elementor-widget-alicia_core_section_title\" data-id=\"403c8da\" data-element_type=\"widget\" data-e-type=\"widget\" data-widget_type=\"alicia_core_section_title.default\">\n\t\t\t\t<div class=\"elementor-widget-container\">\n\t\t\t\t\t<div class=\"qodef-shortcode qodef-m qodef-section-title qodef-alignment--left\" style=\"--qode-title-color: #FFFFFF;--qode-text-margin-top: 41px;--qode-text-color: #FFFFFF\">\n\t\t\t<h6 class=\"qodef-m-title\">\n\t\t\t\t\tMein kreativer Weg\t\t\t<\/h6>\n\t\t<p class=\"qodef-m-text\">Seit \u00fcber zwanzig Jahren begleite ich Projekte und Marken durch die feinf\u00fchlige Phase zwischen Idee und Sichtbarkeit.\nWas mich fasziniert, ist das Zusammenspiel aus Form, Farbe und Wei\u00dfraum \u2013 wie alles miteinander atmet, Spannung erzeugt, Ruhe schenkt oder Klarheit schafft.\nDiese Liebe zur \u00c4sthetik tr\u00e4gt mich seit Beginn meiner Arbeit und pr\u00e4gt bis heute jedes Projekt, das meinen Tisch verl\u00e4sst. \n\nIch durfte unz\u00e4hlige Projekte begleiten \u2013 von kleinen Marken bis zu Kampagnen, Brosch\u00fcren, visuellen Erz\u00e4hlungen und Eventwelten.\n2023 und 2025 wurden 2 meiner Projekte f\u00fcr den Kreativpreis Vorarlberg nominiert.<\/p>\n<\/div>\n\t\t\t\t<\/div>\n\t\t\t\t<\/div>\n\t\t\t\t<div class=\"elementor-element elementor-element-1172172 elementor-widget elementor-widget-qi_addons_for_elementor_timeline\" data-id=\"1172172\" data-element_type=\"widget\" data-e-type=\"widget\" data-widget_type=\"qi_addons_for_elementor_timeline.default\">\n\t\t\t\t<div class=\"elementor-widget-container\">\n\t\t\t\t\t<div class=\"qodef-shortcode qodef-m qodef-qi-timeline qodef-timeline--vertical qodef-timeline-layout--vertical-separated qodef-line--outside qodef-point--standard qodef-qi--has-appear qodef-reverse-padding\">\n\t<div class=\"qodef-e qodef-e-item elementor-repeater-item-996e2f5 qodef-obverse\">\n\t<div class=\"qodef-e-line-holder\">\n\t\t<span class=\"qodef-e-line\"><\/span>\n\t<\/div>\n\t<div class=\"qodef-e-item-inner\">\n\t\t<div class=\"qodef-e-point-holder\">\n\t\t\t<div class=\"qodef-e-point\">\n\t\t\t\t\t\t\t<\/div>\n\t\t<\/div>\n\t\t<div class=\"qodef-e-side-holder\">\n\t\t\t<div class=\"qodef-e-image\">\n\t<\/div>\n\t\t<\/div>\n\t\t<div class=\"qodef-e-content-holder\">\n\t\t\t\t<div class=\"qodef-e-date\">\n\t\t1999 - 2003\t<\/div>\n\t\t\t\t\t<h4 class=\"qodef-e-title\">\n\t\tDiplomstudium\t\t<\/h4>\n\t\t\t\t\t<p class=\"qodef-e-text\">\n\t\tSchule f\u00fcr Gestaltung Ravensburg\t<\/p>\n\t\t\t<\/div>\n\t<\/div>\n<\/div>\n<div class=\"qodef-e qodef-e-item elementor-repeater-item-dea1092 qodef-reverse\">\n\t<div class=\"qodef-e-line-holder\">\n\t\t<span class=\"qodef-e-line\"><\/span>\n\t<\/div>\n\t<div class=\"qodef-e-item-inner\">\n\t\t<div class=\"qodef-e-point-holder\">\n\t\t\t<div class=\"qodef-e-point\">\n\t\t\t\t\t\t\t<\/div>\n\t\t<\/div>\n\t\t<div class=\"qodef-e-side-holder\">\n\t\t\t<div class=\"qodef-e-image\">\n\t<\/div>\n\t\t<\/div>\n\t\t<div class=\"qodef-e-content-holder\">\n\t\t\t\t<div class=\"qodef-e-date\">\n\t\t2001 - 2015\t<\/div>\n\t\t\t\t\t<h4 class=\"qodef-e-title\">\n\t\tGrafikerin\t\t<\/h4>\n\t\t\t\t\t<p class=\"qodef-e-text\">\n\t\tAls Grafikerin t\u00e4tig in Werbeagenturen\t<\/p>\n\t\t\t<\/div>\n\t<\/div>\n<\/div>\n<div class=\"qodef-e qodef-e-item elementor-repeater-item-9a14f58 qodef-obverse\">\n\t<div class=\"qodef-e-line-holder\">\n\t\t<span class=\"qodef-e-line\"><\/span>\n\t<\/div>\n\t<div class=\"qodef-e-item-inner\">\n\t\t<div class=\"qodef-e-point-holder\">\n\t\t\t<div class=\"qodef-e-point\">\n\t\t\t\t\t\t\t<\/div>\n\t\t<\/div>\n\t\t<div class=\"qodef-e-side-holder\">\n\t\t\t<div class=\"qodef-e-image\">\n\t<img fetchpriority=\"high\" decoding=\"async\" width=\"295\" height=\"216\" src=\"https:\/\/addesign.at\/wp-content\/uploads\/2025\/12\/Emailadd.png\" class=\"attachment-full size-full\" alt=\"\" \/><\/div>\n\t\t<\/div>\n\t\t<div class=\"qodef-e-content-holder\">\n\t\t\t\t<div class=\"qodef-e-date\">\n\t\tseit 2016\t<\/div>\n\t\t\t\t\t<h4 class=\"qodef-e-title\">\n\t\tAddesign\t\t<\/h4>\n\t\t\t\t\t<p class=\"qodef-e-text\">\n\t\tGr\u00fcndung und Selbst\u00e4ndigkeit mit meinem eigenem Gestaltungsb\u00fcro.\t<\/p>\n\t\t\t<\/div>\n\t<\/div>\n<\/div>\n<div class=\"qodef-e qodef-e-item elementor-repeater-item-f9f9583 qodef-reverse\">\n\t<div class=\"qodef-e-line-holder\">\n\t\t<span class=\"qodef-e-line\"><\/span>\n\t<\/div>\n\t<div class=\"qodef-e-item-inner\">\n\t\t<div class=\"qodef-e-point-holder\">\n\t\t\t<div class=\"qodef-e-point\">\n\t\t\t\t\t\t\t<\/div>\n\t\t<\/div>\n\t\t<div class=\"qodef-e-side-holder\">\n\t\t\t<div class=\"qodef-e-image\">\n\t<\/div>\n\t\t<\/div>\n\t\t<div class=\"qodef-e-content-holder\">\n\t\t\t\t<div class=\"qodef-e-date\">\n\t\t2023 und 2025\t<\/div>\n\t\t\t\t\t<h4 class=\"qodef-e-title\">\n\t\tNominierungen\t\t<\/h4>\n\t\t\t\t\t<p class=\"qodef-e-text\">\n\t\tNominierungen f\u00fcr den Kreativpreis Vorarlberg f\u00fcr die Projekte &quot;Magazin - Mensch Zuerst&quot; und &quot;Wichtel Scholli-Event im B\u00fccherkasten&quot;\t<\/p>\n\t\t\t<\/div>\n\t<\/div>\n<\/div>\n<\/div>\n\t\t\t\t<\/div>\n\t\t\t\t<\/div>\n\t\t<div class=\"elementor-element elementor-element-6568d92 e-con-full e-flex e-con e-child\" data-id=\"6568d92\" data-element_type=\"container\" data-e-type=\"container\">\n\t\t<div class=\"elementor-element elementor-element-13b3f8b e-con-full e-flex e-con e-child\" data-id=\"13b3f8b\" data-element_type=\"container\" data-e-type=\"container\">\n\t\t<div class=\"elementor-element elementor-element-7e2e069 e-con-full e-flex e-con e-child\" data-id=\"7e2e069\" data-element_type=\"container\" data-e-type=\"container\">\n\t\t\t\t<div class=\"elementor-element elementor-element-87d6087 elementor-widget-mobile__width-inherit elementor-widget elementor-widget-alicia_core_list_items\" data-id=\"87d6087\" data-element_type=\"widget\" data-e-type=\"widget\" data-widget_type=\"alicia_core_list_items.default\">\n\t\t\t\t<div class=\"elementor-widget-container\">\n\t\t\t\t\t<div class=\"qodef-list-items qodef-m qodef-alignment--left\" style=\"--qode-title-color: #FFFFFF;--qode-item-color: #FFFFFF;--qode-items-gap: 10px\">\n\t\t\t<h6 class=\"qodef-m-title\">\n\t\t\tAWARDS\t\t<\/h6>\n\t\t\t\t<ul class=\"qodef-m-list\">\n\t\t\t\t\t\t\t<li class=\"qodef-m-list-item\" >\n\t\t\t\t\t<p>\t\t\t\t\t\t\t\t\t\t\t\t\t\t\t\t\t\t\t\t\t<a href=\"#\" target=\"_self\">\n\t\t\t\t\t\t\t\t\t\t\t\t\t\t\tNominierung Vorarlberger Kreativpreis 2023\t\t\t\t\t\t\t\t\t\t\t\t\t\t\t<\/a>\n\t\t\t\t\t\t\t\t\t\t\t\t\t\t\t\t\t\t<\/p>\t\t\t\t<\/li>\n\t\t\t\t\t\t\t<li class=\"qodef-m-list-item\" >\n\t\t\t\t\t<p>\t\t\t\t\t\t\t\t\t\t\t\t\t\t\t\t\t\t\t\t\t<a href=\"#\" target=\"_self\">\n\t\t\t\t\t\t\t\t\t\t\t\t\t\t\tNominierung Vorarlberger Kreativpreis 2025\t\t\t\t\t\t\t\t\t\t\t\t\t\t\t<\/a>\n\t\t\t\t\t\t\t\t\t\t\t\t\t\t\t\t\t\t<\/p>\t\t\t\t<\/li>\n\t\t\t\t\t<\/ul>\n\t<\/div>\n\t\t\t\t<\/div>\n\t\t\t\t<\/div>\n\t\t\t\t<\/div>\n\t\t<div class=\"elementor-element elementor-element-8fde5ae e-con-full e-flex e-con e-child\" data-id=\"8fde5ae\" data-element_type=\"container\" data-e-type=\"container\">\n\t\t\t\t<div class=\"elementor-element elementor-element-8429de6 elementor-widget elementor-widget-alicia_core_list_items\" data-id=\"8429de6\" data-element_type=\"widget\" data-e-type=\"widget\" data-widget_type=\"alicia_core_list_items.default\">\n\t\t\t\t<div class=\"elementor-widget-container\">\n\t\t\t\t\t<div class=\"qodef-list-items qodef-m qodef-alignment--left\" style=\"--qode-title-color: #FFFFFF;--qode-item-color: #FFFFFF;--qode-items-gap: 10px\">\n\t\t\t<h6 class=\"qodef-m-title\">\n\t\t\tAuszeichnungen\t\t<\/h6>\n\t\t\t\t<ul class=\"qodef-m-list\">\n\t\t\t\t\t\t\t<li class=\"qodef-m-list-item\" >\n\t\t\t\t\t<p>\t\t\t\t\t\t\t\t\t\t\t\t\t\t\t\t\t\t\t\t\t<a href=\"#\" target=\"_self\">\n\t\t\t\t\t\t\t\t\t\t\t\t\t\t\tCertified Creative Industry Expert der KAT Austria\t\t\t\t\t\t\t\t\t\t\t\t\t\t\t<\/a>\n\t\t\t\t\t\t\t\t\t\t\t\t\t\t\t\t\t\t<\/p>\t\t\t\t<\/li>\n\t\t\t\t\t\t\t<li class=\"qodef-m-list-item\" >\n\t\t\t\t\t<p>\t\t\t\t\t\t\t\t\t\t\t\t\t\t\t\t\t\t\t\t\t<a href=\"#\" target=\"_self\">\n\t\t\t\t\t\t\t\t\t\t\t\t\t\t\tZertifizierung des Montafon Tourismus\t\t\t\t\t\t\t\t\t\t\t\t\t\t\t<\/a>\n\t\t\t\t\t\t\t\t\t\t\t\t\t\t\t\t\t\t<\/p>\t\t\t\t<\/li>\n\t\t\t\t\t<\/ul>\n\t<\/div>\n\t\t\t\t<\/div>\n\t\t\t\t<\/div>\n\t\t\t\t<\/div>\n\t\t\t\t<\/div>\n\t\t\t\t<\/div>\n\t\t<div class=\"elementor-element elementor-element-a733fae e-con-full e-flex e-con e-child\" data-id=\"a733fae\" data-element_type=\"container\" data-e-type=\"container\">\n\t\t<div class=\"elementor-element elementor-element-b933f42 e-con-full e-flex e-con e-child\" data-id=\"b933f42\" data-element_type=\"container\" data-e-type=\"container\">\n\t\t<div class=\"elementor-element elementor-element-1ffa900 e-con-full e-flex e-con e-child\" data-id=\"1ffa900\" data-element_type=\"container\" data-e-type=\"container\">\n\t\t\t\t<div class=\"elementor-element elementor-element-bc5452d elementor-widget elementor-widget-alicia_core_list_items\" data-id=\"bc5452d\" data-element_type=\"widget\" data-e-type=\"widget\" data-widget_type=\"alicia_core_list_items.default\">\n\t\t\t\t<div class=\"elementor-widget-container\">\n\t\t\t\t\t<div class=\"qodef-list-items qodef-m qodef-alignment--left\" style=\"--qode-title-color: #FFFFFF;--qode-item-color: #FFFFFF;--qode-items-gap: 10px\">\n\t\t\t<h6 class=\"qodef-m-title\">\n\t\t\tAusgew\u00e4hlte Arbeiten\t\t<\/h6>\n\t\t\t\t<ul class=\"qodef-m-list\">\n\t\t\t\t\t\t\t<li class=\"qodef-m-list-item\" >\n\t\t\t\t\t<h4>\t\t\t\t\t\t\t\t\t\t\t\t\t\t\t\t\t\t\t\t\t<a href=\"https:\/\/addesign.at\/index.php\/portfolio-item\/mensch-zuerst-infofolder\/\" target=\"_self\">\n\t\t\t\t\t\t\t\t\t\t\t\t\t\t\tMensch Zuerst\t\t\t\t\t\t\t\t\t\t\t\t\t\t\t<\/a>\n\t\t\t\t\t\t\t\t\t\t\t\t\t\t\t\t\t\t<\/h4>\t\t\t\t<\/li>\n\t\t\t\t\t\t\t<li class=\"qodef-m-list-item\" >\n\t\t\t\t\t<h4>\t\t\t\t\t\t\t\t\t\t\t\t\t\t\t\t\t\t\t\t\t<a href=\"https:\/\/addesign.at\/index.php\/portfolio-item\/wichtel-scholli\/\" target=\"_self\">\n\t\t\t\t\t\t\t\t\t\t\t\t\t\t\tWichtel Scholli\t\t\t\t\t\t\t\t\t\t\t\t\t\t\t<\/a>\n\t\t\t\t\t\t\t\t\t\t\t\t\t\t\t\t\t\t<\/h4>\t\t\t\t<\/li>\n\t\t\t\t\t\t\t<li class=\"qodef-m-list-item\" >\n\t\t\t\t\t<h4>\t\t\t\t\t\t\t\t\t\t\t\t\t\t\t\t\t\t\t\t\t<a href=\"https:\/\/alicia.qodeinteractive.com\/portfolio-item\/rebrand\/\" target=\"_self\">\n\t\t\t\t\t\t\t\t\t\t\t\t\t\t\tFreie Rede\t\t\t\t\t\t\t\t\t\t\t\t\t\t\t<\/a>\n\t\t\t\t\t\t\t\t\t\t\t\t\t\t\t\t\t\t<\/h4>\t\t\t\t<\/li>\n\t\t\t\t\t<\/ul>\n\t<\/div>\n\t\t\t\t<\/div>\n\t\t\t\t<\/div>\n\t\t\t\t<\/div>\n\t\t<div class=\"elementor-element elementor-element-936a59c e-con-full e-flex e-con e-child\" data-id=\"936a59c\" data-element_type=\"container\" data-e-type=\"container\">\n\t\t\t\t<div class=\"elementor-element elementor-element-fb9db3a elementor-widget elementor-widget-alicia_core_list_items\" data-id=\"fb9db3a\" data-element_type=\"widget\" data-e-type=\"widget\" data-widget_type=\"alicia_core_list_items.default\">\n\t\t\t\t<div class=\"elementor-widget-container\">\n\t\t\t\t\t<div class=\"qodef-list-items qodef-m qodef-alignment--left\" style=\"--qode-title-color: #FFFFFF;--qode-item-color: #FFFFFF;--qode-items-gap: 10px\">\n\t\t\t\t<ul class=\"qodef-m-list\">\n\t\t\t\t\t\t\t<li class=\"qodef-m-list-item\" >\n\t\t\t\t\t<h4>\t\t\t\t\t\t\t\t\t\t\t\t\t\t\t\t\t\t\t\t\t<a href=\"https:\/\/addesign.at\/index.php\/portfolio-item\/ausserbrunner\/\" target=\"_self\">\n\t\t\t\t\t\t\t\t\t\t\t\t\t\t\tAusserbrunner\t\t\t\t\t\t\t\t\t\t\t\t\t\t\t<\/a>\n\t\t\t\t\t\t\t\t\t\t\t\t\t\t\t\t\t\t<\/h4>\t\t\t\t<\/li>\n\t\t\t\t\t\t\t<li class=\"qodef-m-list-item\" >\n\t\t\t\t\t<h4>\t\t\t\t\t\t\t\t\t\t\t\t\t\t\t\t\t\t\t\t\t<a href=\"https:\/\/addesign.at\/index.php\/portfolio-item\/denk-art\/\" target=\"_self\">\n\t\t\t\t\t\t\t\t\t\t\t\t\t\t\tdenk.art\t\t\t\t\t\t\t\t\t\t\t\t\t\t\t<\/a>\n\t\t\t\t\t\t\t\t\t\t\t\t\t\t\t\t\t\t<\/h4>\t\t\t\t<\/li>\n\t\t\t\t\t\t\t<li class=\"qodef-m-list-item\" >\n\t\t\t\t\t<h4>\t\t\t\t\t\t\t\t\t\t\t\t\t\t\t\t\t\t\t\t\t<a href=\"https:\/\/alicia.qodeinteractive.com\/portfolio-item\/fresh-ideas\/\" target=\"_self\">\n\t\t\t\t\t\t\t\t\t\t\t\t\t\t\tKritzinger\t\t\t\t\t\t\t\t\t\t\t\t\t\t\t<\/a>\n\t\t\t\t\t\t\t\t\t\t\t\t\t\t\t\t\t\t<\/h4>\t\t\t\t<\/li>\n\t\t\t\t\t<\/ul>\n\t<\/div>\n\t\t\t\t<\/div>\n\t\t\t\t<\/div>\n\t\t\t\t<\/div>\n\t\t\t\t<\/div>\n\t\t\t\t<\/div>\n\t\t\t\t<\/div>\n\t\t<div class=\"elementor-element elementor-element-9e9e9f1 e-con-full e-flex e-con e-child\" data-id=\"9e9e9f1\" data-element_type=\"container\" data-e-type=\"container\" data-settings=\"{&quot;background_background&quot;:&quot;classic&quot;}\">\n\t\t<div class=\"elementor-element elementor-element-2e133c9 e-con-full e-flex e-con e-child\" data-id=\"2e133c9\" data-element_type=\"container\" data-e-type=\"container\">\n\t\t\t\t<div class=\"elementor-element elementor-element-af026e4 elementor-hidden-tablet elementor-hidden-mobile elementor-widget elementor-widget-alicia_core_svg_image\" data-id=\"af026e4\" data-element_type=\"widget\" data-e-type=\"widget\" data-widget_type=\"alicia_core_svg_image.default\">\n\t\t\t\t<div class=\"elementor-widget-container\">\n\t\t\t\t\t<div class=\"qodef-shortcode qodef-m qodef-svg-image qodef-layout--default qodef--has-appear\" style=\"--qode-left-1920:-39%;--qode-top-1920:50%;--qode-width-1920:400px;--qode-left-1440:-39%;--qode-top-1440:115%;--qode-width-1440:260px;--qode-left-1366:-39%;--qode-top-1366:115%;--qode-width-1366:260px;--qode-left-1024:-39%;--qode-top-1024:115%;--qode-width-1024:260px;--qode-left-768:-39%;--qode-top-768:115%;--qode-width-768:260px;--qode-left-680:-39%;--qode-top-680:115%;--qode-width-680:260px\">\n\t\t<div class=\"qodef-m-svg\" >\n\t\t<svg xmlns=\"http:\/\/www.w3.org\/2000\/svg\" xmlns:xlink=\"http:\/\/www.w3.org\/1999\/xlink\" width=\"414\" height=\"315\" viewBox=\"0 0 414 315\">\n  <defs>\n  <\/defs>\n  <g transform=\"translate(-716 -467)\">\n    <g transform=\"translate(716.196 774.73) rotate(-81)\">\n      <path d=\"M0,.1S186.027-7.261,268.561,102.137s74.352,241.68,74.352,241.68\" transform=\"matrix(-0.999, 0.035, -0.035, -0.999, 359.461, 343.607)\" fill=\"none\" stroke=\"#bbb\" stroke-width=\"1\"\/>\n      <ellipse cx=\"5\" cy=\"5\" rx=\"5\" ry=\"5\" transform=\"translate(0 3.814)\" fill=\"#797979\"\/>\n      <path d=\"M0,0,23.518,16.391,0,34.663\" transform=\"translate(335.97 327.163)\" fill=\"none\" stroke=\"#bbb\" stroke-width=\"1\"\/>\n    <\/g>\n  <\/g>\n<\/svg>\n\t<\/div>\n<\/div>\n\t\t\t\t<\/div>\n\t\t\t\t<\/div>\n\t\t\t\t<\/div>\n\t\t<div class=\"elementor-element elementor-element-0047f48 e-con-full e-flex e-con e-child\" data-id=\"0047f48\" data-element_type=\"container\" data-e-type=\"container\">\n\t\t\t\t<div class=\"elementor-element elementor-element-5bffb6c elementor-widget elementor-widget-alicia_core_svg_image\" data-id=\"5bffb6c\" data-element_type=\"widget\" data-e-type=\"widget\" data-widget_type=\"alicia_core_svg_image.default\">\n\t\t\t\t<div class=\"elementor-widget-container\">\n\t\t\t\t\t<div class=\"qodef-shortcode qodef-m qodef-svg-image qodef-layout--default qodef--has-appear\" style=\"--qode-left-1920:10%;--qode-top-1920:-20%;--qode-width-1920:305px;--qode-left-1440:10%;--qode-top-1440:-120%;--qode-width-1440:250px;--qode-left-1366:10%;--qode-top-1366:-120%;--qode-width-1366:250px;--qode-left-1024:10%;--qode-top-1024:-120%;--qode-width-1024:250px;--qode-left-768:30%;--qode-top-768:-120%;--qode-width-768:200px;--qode-left-680:30%;--qode-top-680:-120px;--qode-width-680:100px\">\n\t\t<div class=\"qodef-m-svg\" >\n\t\t<svg xmlns=\"http:\/\/www.w3.org\/2000\/svg\" width=\"310.681\" height=\"324.983\" viewBox=\"0 0 310.681 324.983\">\n  <path d=\"M2617.406,1567.3s168.9-72.351,83.935-141.581-145.913,86.708-145.913,86.708-53.09-129.522-117.223-56.235c-66.3,75.765,70.754,108.049,70.754,108.049s-124.93,51.313-69.946,117.983,122.168-48.243,122.168-48.243,33.976,136.439,101.158,80.073C2745.647,1644.163,2617.406,1567.3,2617.406,1567.3Z\" transform=\"translate(-2389.572 -1450.022) rotate(1)\" fill=\"#ffd62a\"\/>\n<\/svg>\n\t<\/div>\n<\/div>\n\t\t\t\t<\/div>\n\t\t\t\t<\/div>\n\t\t\t\t<\/div>\n\t\t\t\t<\/div>\n\t\t\t\t<\/div>\n\t\t\t\t<\/div>\n\t\t\t\t<\/div>\n\t\t\t\t<\/div>\n\t\t","protected":false},"excerpt":{"rendered":"<p>Anna Delia D&#8217;Errico Mein kreativer Weg Seit \u00fcber zwanzig Jahren begleite ich Projekte und Marken durch die feinf\u00fchlige Phase zwischen Idee und Sichtbarkeit. Was mich fasziniert, ist das Zusammenspiel aus Form, Farbe und Wei\u00dfraum \u2013 wie alles miteinander atmet, Spannung erzeugt, Ruhe schenkt oder Klarheit schafft. Diese Liebe zur \u00c4sthetik tr\u00e4gt mich seit Beginn meiner [&hellip;]<\/p>\n","protected":false},"author":1,"featured_media":0,"parent":0,"menu_order":0,"comment_status":"closed","ping_status":"closed","template":"page-full-width.php","meta":{"footnotes":""},"class_list":["post-4355","page","type-page","status-publish","hentry"],"_links":{"self":[{"href":"https:\/\/addesign.at\/index.php\/wp-json\/wp\/v2\/pages\/4355","targetHints":{"allow":["GET"]}}],"collection":[{"href":"https:\/\/addesign.at\/index.php\/wp-json\/wp\/v2\/pages"}],"about":[{"href":"https:\/\/addesign.at\/index.php\/wp-json\/wp\/v2\/types\/page"}],"author":[{"embeddable":true,"href":"https:\/\/addesign.at\/index.php\/wp-json\/wp\/v2\/users\/1"}],"replies":[{"embeddable":true,"href":"https:\/\/addesign.at\/index.php\/wp-json\/wp\/v2\/comments?post=4355"}],"version-history":[{"count":63,"href":"https:\/\/addesign.at\/index.php\/wp-json\/wp\/v2\/pages\/4355\/revisions"}],"predecessor-version":[{"id":8386,"href":"https:\/\/addesign.at\/index.php\/wp-json\/wp\/v2\/pages\/4355\/revisions\/8386"}],"wp:attachment":[{"href":"https:\/\/addesign.at\/index.php\/wp-json\/wp\/v2\/media?parent=4355"}],"curies":[{"name":"wp","href":"https:\/\/api.w.org\/{rel}","templated":true}]}}